se
Let x(b) = 4*b**2 + 28*b - 5. Let h be x(-9). Suppose 45*r - h*r + 241406 = 0. Is r composite?
False
Let c = 127 + -118. Suppose -c*s - 44 = -20*s. Suppose -s*u = -l - 7801, -5*u = -4*l - 0*l - 9765. Is u a prime number?
True
Suppose -1803184 - 4363406 = -14*z + 4*z. Is z prime?
False
Let a = 73 - 48. Suppose -a*s - 24*s = -540323. Is s a prime number?
True
Suppose 9*c - 2080 = -4*c. Suppose -2*x + c = -24. Is (x/(-6))/(5 - 5828/1164) prime?
False
Let h be 33 - 40 - (-2463)/1. Suppose -4*b = 4*b - h. Is b a composite number?
False
Let r be 175/35 - (-1 - -10). Let h(m) = 52*m**2 - 15*m - 74. Is h(r) a composite number?
True
Let p(i) = i**3 + 7*i**2 + 8*i + 14. Let j(k) = -k + 10. Let m be j(16). Let a be p(m). Suppose 929 + 686 = 3*f - a*d, 5*f = -4*d + 2721. Is f a prime number?
True
Let i(x) = 202*x - 70. Let v be i(21). Suppose -4*q + b = -16707, -q + 7*b - 2*b + v = 0. Is q composite?
False
Let w(o) = -o**2 - 38*o - 193. Let r be w(-31). Is 962780/120 + (-4)/r a prime number?
False
Suppose -3*r = -2*z + 345247, -r = -z + 105434 + 67188. Is z a prime number?
True
Let b be (72/(-63))/(2/(-7)). Suppose -a - b*i = -i - 418, a = -i + 410. Suppose a - 113 = p. Is p a prime number?
True
Suppose 19*v = -3*v + 1116522. Suppose v = 99*b - 90*b. Is b a composite number?
False
Let x be 126/(0 - -6) - 6. Suppose 9*q = x*q - 15894. Is q composite?
True
Suppose 3*l = 5*o + 32, 13*o - 16*o + 24 = 3*l. Is (2025 + 2)*-6*l/(-18) composite?
True
Let z(k) = -k**2 - 1. Let h = -16 + 17. Let r be z(h). Is -3 + (r - -712 - 0) a composite number?
True
Let a = 1461261 - 1003618. Is a composite?
False
Suppose 11 = 2*j + r, j - 6*r = -5*r - 2. Suppose 4900 = 2*z + 3*t, z + 4*t = j*t + 2451. Is z a prime number?
False
Suppose -k + 6 = 2*k. Suppose -u + 501 = -h, -5*h - 515 = -k*u + 475. Let n = u - 54. Is n a prime number?
False
Let m = 550 - 2780. Let y be (32/40)/((-4)/m). Suppose -y - 505 = -3*l. Is l prime?
True
Let h(x) = 8*x**2 + 128*x - 51. Let l be 46/((-6)/(-12)*-4). Is h(l) prime?
True
Let z be -5 - (-62 + 1)*2. Let m = z + -114. Let x(a) = 559*a**2 - 4. Is x(m) a composite number?
True
Let v = -13828 - -34273. Let p = -11694 + v. Is p a prime number?
False
Let i = -142066 + 542613. Is i a composite number?
True
Let x(a) = 2*a**2 - 87*a + 437941. Is x(0) a composite number?
True
Suppose 0 = -u - 4*w - 16, -u + 2*w + 8 = -3*u. Let a = 972 - 976. Is -1257*(3 + u + a) prime?
False
Suppose -14 = 3*p - p. Let v(q) = -q**3 - 7*q**2 - 15. Let s be v(p). Is (-7910)/s*3/2 a composite number?
True
Suppose y + 3*f = -7 + 4, 3*f = 15. Let x(s) = -136*s - 8. Let t be x(y). Let q = t + 1071. Is q a prime number?
True
Suppose 0 = -2*p - 3*f + 2960 + 21185, -5*p + f = -60337. Suppose 5*z = -2*b - 2052 + 17137, -p = -4*z + b. Is z prime?
False
Let b = -8850 - -71309. Is b composite?
False
Let h(u) = 20*u**2 - 9*u - 35. Let k be h(11). Let a = 1612 + k. Is a prime?
False
Let x be (4/5)/(-5 + 182/35). Suppose -2*u - 12 = -5*l, u - 8 = 3*u - x*l. Is -1 - -1 - 4/u - -792 a prime number?
False
Let r(k) = k**3 + 2*k**2 - k - 2. Let z be (-4)/4 + 2*2. Let l be r(z). Is (-4)/(-12) + l/6 a composite number?
False
Suppose -w = b - 4*b + 3, b - 5*w + 13 = 0. Let f(r) = 52*r**3 - r**2 - 6*r + 7. Is f(b) a composite number?
True
Let y(l) = 14*l - 10*l - 12*l + l**2 - 7*l + 20 + 3*l**3. Is y(9) a prime number?
True
Suppose -2*a + 3798 = -z - 9488, 0 = -2*a + 5*z + 13270. Suppose -6*g = -4*d - 7*g + 5336, 5*g = 5*d - a. Is d prime?
False
Let b = -359 - -362. Let y(v) = 79*v**2 + 2*v - 16. Is y(b) a composite number?
False
Suppose -8376165 = 31*c - 21897652. Is c composite?
True
Suppose -5*d - 49 = 4*g + 84, -2*d = 10. Let b(u) = u**3 + 39*u**2 - 62*u + 65. Is b(g) composite?
False
Let b be (1/(-3))/((-3)/(-27)). Let s(i) = 2974*i**2 + 7*i + 2. Is s(b) a prime number?
False
Let w = -33434 + 47101. Is w composite?
True
Let k = 92 + -100. Let f(b) = -8*b - 69. Let c be f(k). Let r(n) = -240*n + 1. Is r(c) prime?
True
Suppose 0 = 4*a - 6*a. Let p be (a - 2)/(13/((-715)/10)). Is (22 - p)/(1*-1)*-89 a prime number?
False
Suppose -31*m - 35 = -24*m. Is ((-1)/(-3))/(m*2/(-35430)) a composite number?
False
Let s = -839273 + 1313412. Is s a prime number?
False
Suppose 27*p = 17 + 37. Suppose 5*r + 3*y = p*y + 77198, 2*r - 30893 = -5*y. Is r prime?
True
Suppose 0 = -h - 5*s + 138051, -144*h + 140*h + s = -552162. Is h a prime number?
True
Let g(v) = 216*v**2 + 107*v + 57. Is g(22) a composite number?
True
Suppose 415*a - 44064628 - 48057048 + 10618581 = 0. Is a composite?
True
Let p be (5/(-3))/(2/108). Let d be -35*(1 - (4 - 4))*(-1)/(-1). Is (-6)/(p/d)*-1*69 composite?
True
Let k(x) = -575*x**3 + 10*x**2 + 31*x + 64. Is k(-6) composite?
True
Let q(u) = 3273*u**2 - 210*u - 4. Is q(7) a prime number?
False
Let h = -63906 - -108355. Is h a composite number?
False
Let q(p) be the second derivative of -65*p**3 + p**2/2 + 77*p. Is q(-9) a prime number?
True
Let b(f) = -8487*f - 4. Let p(n) = -8486*n - 3. Let g(w) = -5*b(w) + 6*p(w). Is g(-1) a composite number?
True
Suppose -5*l - i = -1006201, -i = -35*l + 32*l + 603727. Is l a composite number?
True
Let s = -944 - -2592. Let n = s - -685. Is n prime?
True
Let j(z) = 2*z**2 + 7*z + 1. Let w be j(-4). Suppose 0 = w*a - 2*d + 679, 5*d - 417 = 3*a + 7*d. Let f = 536 - a. Is f prime?
True
Let l(b) be the first derivative of -374*b**2 + 223*b + 137. Is l(-15) a composite number?
False
Suppose 8*b - 5*b = 30012. Suppose -23*j - b = -27*j. Is (j - (0 + -2)) + 21 + -21 a composite number?
False
Suppose 0 = -5*z - 20*z + 4*z + 24129. Is z a composite number?
True
Let j(f) = -5537*f**3 - 11*f + 28. Let o be j(3). Is o/(-160) - (-4)/(-10) a prime number?
False
Is 25*84472/40*1/5 a composite number?
False
Suppose 4*y - 4*f = -5*f + 5518, 0 = y - f - 1377. Let t = y - 786. Suppose -3*m = 5*a - 748, 4*a = -0*m + 3*m + t. Is a composite?
False
Suppose -a + 4 = 2. Let x(c) = -2*c**2 - 23*c - 40. Let g be x(-9). Suppose g*f = a*f + 4*z + 442, -2*z - 440 = -3*f. Is f a prime number?
False
Let o(i) = -i**3 + 17*i**2 - 17*i - 33. Suppose -5*r + 445 = -295. Let y = -134 + r. Is o(y) composite?
False
Let r = -9062 + 22135. Is r prime?
False
Suppose -4*p + 4*d + 353732 = 0, 37*p - 176862 = 35*p + d. Is p composite?
True
Suppose 4*a = -2*m - 0*a + 20, 2*a = -2*m + 10. Suppose m = -2*j - 3*j, -4*w - 16 = 4*j. Is (-36)/24 - 4250/w prime?
True
Let r be (-1)/6*2*-9. Suppose 20 = 2*g - r*g - 5*l, -l - 4 = -3*g. Suppose 4*k - 411 - 61 = g. Is k composite?
True
Let a(n) = -476*n**2 - 5 + 428*n**2 + 1509*n**2. Is a(-2) a composite number?
False
Suppose -26*t = -24*t + 10, -j + 4*t = -6043. Is j a prime number?
False
Let z(d) = 10*d**2 + 5*d - 7. Let k be z(2). Suppose 4*f + 0*y + 3*y + k = 0, 2*y = -4*f - 38. Is (f/21)/((-1)/2577) prime?
True
Suppose -215*i - 26*i + 4074198 = -512273. Is i a prime number?
True
Let u be 20/100 + 113642/(-10). Let j be 10/2*(-9)/(-5). Is (u/j)/((-10)/15) prime?
False
Suppose -3*w + 13821 + 3812 = 2*v, -17645 = -3*w - 5*v. Suppose 0 = -m - 0*m + 5. Suppose 0 = -3*r - m*l + 4182, -4*r - 264 = -5*l - w. Is r prime?
True
Let x(o) = -169484*o + 3415. Is x(-2) a prime number?
False
Let r(q) = q**3 + 2*q**2 - 4*q - 5. Let d be r(2). Suppose -i - 5*v + 11821 = -6*v, -d*v = 0. Is i composite?
False
Let d(h) = 5*h**3 + 13*h**2 - 30*h + 313. Is d(10) prime?
False
Let v = 71 + 23. Suppose -93*r - 5420 = -v*r. Suppose 5*t - 15115 + r = 0. Is t composite?
True
Suppose -3*n = -4*c - 99451, -346*n = -342*n + c - 132595. Is n a prime number?
True
Let b = 368523 - 83626. Is b composite?
False
Let u be (-4)/(-14) + (-444)/84. Is 5838*u/(-10) - -2 prime?
False
Suppose 277*q - 273*q + 5*w = 142008, -3*w = -4*q + 142040. Is q a prime number?
True
Let v(f) = -17074*f**2 + 6*f - 14. Let k be v(2). Is k/(-20) - (-4)/40 composite?
True
Let w = -175425 - -403238. Is w a composite number?
True
Let l = 23482 - 13847. Let c = l + -4866. Is c prime?
False
Suppose 2*o = -2*f + 25572 + 12174, 2*f + 5*o - 37752 = 0. Is f composite?
True
Let x be ((-10)/4)/(2/(-4)). Suppose 5*f + x*y = 9090, 3*y - 9583 = -5*f - 489. Suppose -5*p + i + 766 = -3772, 2*p - f = 2*i. Is p a prime number?
True
Suppose -29*g = -20*g + 360. Is 3 + g/15*-573 a prime number?
True
Suppose -4*g + 7166 = 3*j,